 -b09?
-71a
In base 2, what is 111001100111 - 111?
111001100000
In base 5, what is 420112 - 104?
420003
In base 8, what is 1247222 + 10?
1247232
In base 14, what is 3 - 1b7b?
-1b78
In base 13, what is -1cc - 1b2?
-3b1
In base 13, what is 5 - -102848?
102850
In base 11, what is -473 + -132?
-5a5
In base 13, what is 0 - -35127?
35127
In base 12, what is -1103 - -37?
-1088
In base 11, what is 2 - 21648?
-21646
In base 15, what is -5e + -107?
-166
In base 12, what is 10 - 5a195?
-5a185
In base 15, what is -1321d - 5?
-13223
In base 7, what is -1345 - -3416?
2041
In base 7, what is -33625 + 3?
-33622
In base 7, what is -150 - 42464?
-42644
In base 3, what is 0 + 1202120001101?
1202120001101
In base 6, what is -223254 - -333?
-222521
In base 12, what is -29863 - -4?
-2985b
In base 12, what is -5621 + 2a?
-55b3
In base 12, what is b863 - 1?
b862
In base 8, what is 1423562 - 12?
1423550
In base 10, what is 4 - 75841?
-75837
In base 6, what is 23 + -10253?
-10230
In base 11, what is -24 - 88260?
-88284
In base 8, what is 32 + -14535?
-14503
In base 8, what is 543406 - -4?
543412
In base 3, what is -21 - -201001211?
201001120
In base 7, what is -1 + 236166?
236165
In base 6, what is -1013540 - -32?
-1013504
In base 3, what is -1120 + 1020000?
1011110
In base 6, what is 5 - -45534?
45543
In base 15, what is -37c1 - 10?
-37d1
In base 16, what is 46b3 + 2?
46b5
In base 15, what is b3 + 44?
107
In base 12, what is a8a5 - -11?
a8b6
In base 5, what is 4 - -12140323?
12140332
In base 8, what is -31 + -165312?
-165343
In base 14, what is -1077c - -3?
-10779
In base 3, what is 1000 + -2222102?
-2221102
In base 7, what is 213 - -2421?
2634
In base 9, what is 174358 - 3?
174355
In base 2, what is -11011010010001111 + 11?
-11011010010001100
In base 10, what is 96 - 2131?
-2035
In base 10, what is -17 - 26653?
-26670
In base 10, what is 2 + -930799?
-930797
In base 4, what is 0 - 113313030?
-113313030
In base 6, what is 202 + -5124?
-4522
In base 5, what is 230022 - 40?
224432
In base 15, what is 3ca0 + c?
3cac
In base 8, what is -1170 - -3?
-1165
In base 10, what is 278 + -2?
276
In base 13, what is -220 - 239?
-459
In base 5, what is -422 + -202002?
-202424
In base 8, what is -5 - -126?
121
In base 6, what is -435 - -1040?
201
In base 6, what is 243 - 353010?
-352323
In base 7, what is -614 + 1053?
136
In base 12, what is -2 - -16297?
16295
In base 7, what is 5204 - 1162?
4012
In base 8, what is -2732760 + -1?
-2732761
In base 7, what is 1 - -3142206?
3142210
In base 7, what is 1365 + -14?
1351
In base 14, what is -19 - -12d76?
12d5b
In base 14, what is 1 + 187b6?
187b7
In base 5, what is 10131 - 110?
10021
In base 11, what is 3291 - 3?
3289
In base 14, what is -28d1 + 39?
-2896
In base 16, what is -5 - -96fd0?
96fcb
In base 8, what is 0 - -1650?
1650
In base 8, what is 64636 + 2?
64640
In base 13, what is 32b - -128c?
15ba
In base 2, what is -1000000010 - -10110000?
-101010010
In base 11, what is -3a + -a61?
-aa0
In base 9, what is -1 - -87450?
87448
In base 3, what is 2222021 + 1011?
10000102
In base 16, what is -9b - 18be?
-1959
In base 9, what is -328 + 161?
-157
In base 6, what is 5422 + 405?
10231
In base 14, what is -4d + -336?
-385
In base 16, what is 1 + -2ca44?
-2ca43
In base 8, what is 1131 - 1446?
-315
In base 14, what is cc + 6c3?
7b1
In base 16, what is -15c0 - -10?
-15b0
In base 12, what is 22 - 15baa?
-15b88
In base 9, what is -7428 - 664?
-8203
In base 3, what is -1101012 + -201002?
-2002021
In base 5, what is 10014101 - 33?
10014013
In base 9, what is -26583 + 183?
-26400
In base 12, what is -55 - 13ba5?
-1403a
In base 9, what is 20176 - 0?
20176
In base 10, what is -595 - 68?
-663
In base 4, what is 2013 + -333301?
-331222
In base 11, what is -682441 - 4?
-682445
In base 11, what is 3452 + -13?
343a
In base 12, what is 1 + 12602?
12603
In base 15, what is -2ede - -4?
-2eda
In base 10, what is -58276 - -4?
-58272
In base 14, what is 2b + -2669?
-263c
In base 13, what is -38 + 12991?
12956
In base 12, what is -a920 - 18?
-a938
In base 16, what is -31 + fb5?
f84
In base 6, what is 124 - 3013?
-2445
In base 13, what is 23 - 9c2?
-99c
In base 4, what is -22231223 + 0?
-22231223
In base 14, what is 72c7 + -2?
72c5
In base 7, what is -12 - 1665066?
-1665111
In base 3, what is -21 - 220222020211?
-220222021002
In base 13, what is 22 + -27?
-5
In base 7, what is -2 - -1235636?
1235634
In base 16, what is -1 + -1187a?
-1187b
In base 14, what is -104b + -1b?
-1068
In base 2, what is 1001110 - 110100011?
-101010101
In base 9, what is 8 + 1274?
1283
In base 3, what is -2022222 - -121?
-2022101
In base 7, what is 2 + -15425?
-15423
In base 8, what is -117076 - -14?
-117062
In base 7, what is 12432103 - -4?
12432110
In base 11, what is 285 + -5129?
-4954
In base 8, what is 3 - -4012333?
4012336
In base 9, what is -3 - -13644?
13641
In base 14, what is c78 - 159?
b1d
In base 4, what is 10033 - -2312?
13011
In base 15, what is -584 - 4?
-588
In base 3, what is -101212020 - 22?
-101212112
In base 3, what is 20100 + -221202122?
-221112022
In base 6, what is -43553 - 112?
-44105
In base 5, what is 2 - -133133?
133140
In base 2, what is 11 + -10001111010001?
-10001111001110
In base 12, what is -18942 + 24?
-1891a
In base 2, what is 10010100011101 + -10?
10010100011011
In base 9, what is 7 - -544045?
544053
In base 6, what is 2 + 30505212?
30505214
In base 7, what is -53663 + -10?
-54003
In base 2, what is 1110011010010100 + 101?
1110011010011001
In base 15, what is 2 - -77c0d?
77c10
In base 14, what is -1718c6 + 3?
-1718c3
In base 11, what is -1586 + 229?
-1358
In base 13, what is c45 + -14?
c31
In base 5, what is -1334 + -1324332?
-1331221
In base 14, what is 6994a + 2?
6994c
In base 13, what is 79559 - 2?
79557
In base 13, what is 8303 - -2?
8305
In base 8, what is -2 + 577422?
577420
In base 16, what is 2 - -c03b?
c03d
In base 12, what is 44 + 119b?
1223
In base 8, what is 1 - 34754?
-34753
In base 5, what is -13431312 + 22?
-13431240
In base 15, what is -2 - 66dc5?
-66dc7
In base 2, what is 101 - 10100100011111?
-10100100011010
In base 10, what is 475 + 61?
536
In base 16, what is -54b5b8 - -5?
-54b5b3
In base 9, what is 245655 - -2?
245657
In base 15, what is -481 - 64c?
-acd
In base 15, what is -44acd + 0?
-44acd
In base 15, what is 0 - 23a52?
-23a52
In base 14, what is 3 + -5400d?
-5400a
In base 9, what is 4 + -60655?
-60651
In base 4, what is -12020213 + 31?
-12020122
In base 4, what is 323 + 2131122?
2132111
In base 2, what is -11 - -10111011001101100?
10111011001101001
In base 16, what is -3 - -56af?
56ac
In base 16, what is fb - -74?
16f
In base 16, what is 1aab + 45?
1af0
In base 14, what is -69 + 341?
2b6
In base 4, what is 110 - -31012?
31122
In base 10, what is -780 - 550?
-1330
In base 6, what is 42 + 1155332?
1155414
In base 3, what is 2002110 + 20111?
2022221
In base 6, what is -12 - 1000?
-1012
In base 11, what is 2 + -603?
-601
In base 7, what is -10 + -253563?
-253603
In base 9, what is 0 - -1630?
1630
In base 9, what is 124238 + -2?
124236
In base 14, what is -d5866 - -3?
-d5863
In base 4, what is -120210 - 121212?
-302022
In base 3, what is -110200212202 + 101?
-110200212101
In base 6, what is 1123 - -2113?
3240
In base 14, what is -13 + 535?
522
In base 16, what is 2 + 2b90?
2b92
In base 10, what is -197 - 2039?
-2236
In base 8, what is -3752 - -121?
-3631
In base 12, what is 206 - 1680?
-1476
In base 13, what is 13ca - 5a?
1370
In base 3, what is -1 + -102211020212?
-102211020220
In base 16, what is -3c506 + -1?
-3c507
In base 9, what is -30453 + 78?
-30364
In base 4, what is -2 - -3001322?
3001320
In base 14, what is 351d2 + 4?
351d6
In base 13, what is -1a2 + 2ca?
128
In base 14, what is -7c6 + -d?
-7d5
In base 13, what is 70 - 121b?
-117b
In base 2, what is -1011011111111000101 + 10?
-1011011111111000011
In base 9, what is -141626 + 1?
-141625
In base 7, what is 4356 + 544?
5233
In base 11, what is 6 + -17a?
-174
In base 13, what is 1101 - 186?
c48
In base 4, what is -120 + 1000012?
333232
In base 11, what is -18a9 - a?
-1908
In base 7, what is 3 + -23041?
-23035
In base 12, what is -288 - 328?
-5b4
In base 8, what is -22331 - 43?
-22374
In base 7, what is 1 - 150222?
-150221
In base 8, what is -36231 - 4?
-36235
In base 10, what is 